{"id":135,"date":"2026-02-07T21:28:13","date_gmt":"2026-02-07T20:28:13","guid":{"rendered":"https:\/\/1jota.com\/?page_id=135"},"modified":"2026-02-07T23:38:02","modified_gmt":"2026-02-07T22:38:02","slug":"ueber-una-jota","status":"publish","type":"page","link":"https:\/\/1jota.com\/?page_id=135","title":{"rendered":"\u00dcber Una Jota"},"content":{"rendered":"\n<p>Una Jota wurde von Dr. Jan Fischer aufgebaut vor dem Hintergrund der Frage, was Mittelst\u00e4ndler und PE-Portfoliounternehmen in der heutigen Zeit wirklich brauchen.<br><br>&#8222;Wachstum um jeden Preis&#8220; ist einer Fokussierung auf &#8222;robuste Skalierung&#8220; gewichen. Wertsteigerung und Wertsch\u00f6pfung &#8211; und damit der wesentliche Teil des zuk\u00fcnftigen Unternehmenswerts &#8211; h\u00e4ngen von operativen Verbesserungen und Margenausweitung ab. Genau hier scheitern h\u00e4ufig gr\u00fcnder- und PE-gef\u00fchrte Unternehmen am der Schwelle der n\u00e4chsten Wachstums- oder Transitionsphase. Una Jota unterst\u00fctzt genau an dieser Stelle durch gezielten Aufbau des finanziellen Fundaments mit dem Fokus auf:<\/p>\n\n\n\n<ul class=\"wp-block-list\">\n<li>Fractional CFO Services f\u00fcr Wachstums-KMU<\/li>\n\n\n\n<li>M&amp;A Readiness: Vorbereitung und Begleitung des Exit<\/li>\n\n\n\n<li>Post-Deal Scaling &amp; Transformation der Finanzfunktion.<\/li>\n<\/ul>\n\n\n\n<p><\/p>\n\n\n\n<p>Dr. Jan Fischer ist Gr\u00fcnder und alleiniger Gesellschafter der 1Jota GmbH. Er verf\u00fcgt \u00fcber mehr als 15 Jahre Erfahrung als CFO, COO und CEO in gro\u00dfen technologiegetriebenen Organisationen. Er hat Business-Transformationen in stark wachstums- und ver\u00e4nderungsgetriebenen Umfeldern (Founder, Private Equity, Corporate Stakeholder) verantwortet, mehrere Exit- sowie Post-Deal-Prozesse gesteuert und Reporting- sowie Steuerungssysteme aufgebaut, die echte Transparenz f\u00fcr Management und Gesellschafter schaffen. Sein Schwerpunkt liegt an der Schnittstelle von Finanzen und Operations: messbare Wertbeitr\u00e4ge und Effizienzgewinne schaffen durch finanzielle F\u00fchrung, den Aufbau datengetriebener Gesch\u00e4ftsmodelle, Digitalisierung, Post-Merger-\/Post-Acquisition-Integration sowie Organisationsentwicklung.<\/p>\n\n\n\n<p><\/p>\n","protected":false},"excerpt":{"rendered":"<p>Una Jota wurde von Dr. Jan Fischer aufgebaut vor dem Hintergrund der Frage, was Mittelst\u00e4ndler und PE-Portfoliounternehmen in der heutigen Zeit wirklich brauchen. &#8222;Wachstum um jeden Preis&#8220; ist einer Fokussierung auf &#8222;robuste Skalierung&#8220; gewichen. Wertsteigerung und Wertsch\u00f6pfung &#8211; und damit der wesentliche Teil des zuk\u00fcnftigen Unternehmenswerts &#8211; h\u00e4ngen von operativen Verbesserungen und Margenausweitung ab. Genau [&hellip;]<\/p>\n","protected":false},"author":1,"featured_media":0,"parent":0,"menu_order":0,"comment_status":"closed","ping_status":"closed","template":"","meta":{"_coblocks_attr":"","_coblocks_dimensions":"","_coblocks_responsive_height":"","_coblocks_accordion_ie_support":"","hide_page_title":"","footnotes":""},"class_list":["post-135","page","type-page","status-publish","hentry"],"_links":{"self":[{"href":"https:\/\/1jota.com\/index.php?rest_route=\/wp\/v2\/pages\/135","targetHints":{"allow":["GET"]}}],"collection":[{"href":"https:\/\/1jota.com\/index.php?rest_route=\/wp\/v2\/pages"}],"about":[{"href":"https:\/\/1jota.com\/index.php?rest_route=\/wp\/v2\/types\/page"}],"author":[{"embeddable":true,"href":"https:\/\/1jota.com\/index.php?rest_route=\/wp\/v2\/users\/1"}],"replies":[{"embeddable":true,"href":"https:\/\/1jota.com\/index.php?rest_route=%2Fwp%2Fv2%2Fcomments&post=135"}],"version-history":[{"count":2,"href":"https:\/\/1jota.com\/index.php?rest_route=\/wp\/v2\/pages\/135\/revisions"}],"predecessor-version":[{"id":181,"href":"https:\/\/1jota.com\/index.php?rest_route=\/wp\/v2\/pages\/135\/revisions\/181"}],"wp:attachment":[{"href":"https:\/\/1jota.com\/index.php?rest_route=%2Fwp%2Fv2%2Fmedia&parent=135"}],"curies":[{"name":"wp","href":"https:\/\/api.w.org\/{rel}","templated":true}]}}